 7, -5*r = x - 203. What is the remainder when r is divided by u?
13
What is the remainder when 223 is divided by ((-464)/(-40))/(8/80)?
107
Let y(a) = -2*a**2 - 7*a - 1. Let k be y(-3). Suppose 4*l = -3*j + 263, 4*l - 149 = k*l - 5*j. Calculate the remainder when l is divided by 32.
30
Let f(w) = -w**3 + 15*w**2 + 8*w - 44. What is the remainder when f(13) is divided by 100?
98
Let o(i) = 2*i - 16. Let w be o(8). Suppose b = -m - 0*b + 137, 4*b = w. Calculate the remainder when m is divided by 28.
25
Let u(y) = -y - 13. Let r be u(0). Let t = r - -16. Suppose 2*d - 6 - 16 = 2*i, -t*i = 0. What is the remainder when 19 is divided by d?
8
Let d = 4 - -48. Let h(c) = -2*c**2 + 9*c + 11. Let y be h(5). Suppose y*l - 8*l + d = 0. Calculate the remainder when 102 is divided by l.
24
Let f(l) = l**2 - 3*l + 1. Suppose 0 = -3*u + 12, -5*r + 5*u = -0*u + 5. What is the remainder when f(r) is divided by 1?
0
Let v be -1 + (-18)/((-3)/1). Let i be 6/(-9)*6*-1. Suppose -i*g - 13 = -2*m - v, 0 = -5*g. What is the remainder when 13 is divided by m?
1
Suppose 0 = -3*k - 10 + 43. Let q(y) = y**3 - 2*y**2 - y - 73. Calculate the remainder when q(6) is divided by k.
10
Let p(w) = -2. Let h(b) = -b - 3. Let c(v) = 3*h(v) - 2*p(v). Calculate the remainder when 60 is divided by c(-7).
12
Suppose 0 = 6*k - k - 5, 5*k - 13 = -4*m. Suppose -5*u = 4*a + 2, -a - 3 = m*u - 4. Calculate the remainder when -3*(-2 - 2/(-3)) is divided by u.
0
Suppose -3*p = -4*p. Suppose 2*a + 4*h - 146 = 0, p = 3*h + 4 - 10. Calculate the remainder when 11 is divided by (-3)/5 - a/(-15).
3
Let x(z) = 4*z - 14. Calculate the remainder when x(15) is divided by 21.
4
Let t be 10*(3 - 15/6). Suppose -5*s + 44 = 4*u, t*u + 49 + 31 = 5*s. Calculate the remainder when 23 is divided by s.
11
Let j(o) = -o**3 - 12*o**2 + 27*o - 18. Let m be j(-14). What is the remainder when 87 is divided by (-306)/(-36) + (-6)/m?
7
Suppose 2*y + a - 18 = 5, a = 2*y - 25. Suppose 35 = 3*f - 2*v - y, -f = -3*v - 11. Let j = -50 + 116. What is the remainder when j is divided by f?
15
Let q(r) = -r - 4. Let h be (-8)/(-10)*(3 - 83). Let g = 71 + h. What is the remainder when g is divided by q(-6)?
1
Let q be 10*((-11)/(-9) + 26/(-117)). Suppose -q*w + 360 = -w. What is the remainder when w is divided by 21?
19
Suppose 2*x - x - 14 = -4*o, 42 = 3*x + 2*o. Suppose x = -2*n - 0*n. Let h(d) = -d - 4. What is the remainder when 3 is divided by h(n)?
0
Let l(w) = w + 30. Let r be l(-9). Let k = -13 + r. Suppose -200 = -k*d + 3*d. Calculate the remainder when d is divided by 21.
19
Suppose 0 = -4*d + 1591 + 5621. Calculate the remainder when d is divided by 11.
10
Let k(t) = 12*t**3 - 8*t**2 + 11*t - 5. Calculate the remainder when k(4) is divided by 62.
59
Let s = 57 - 32. Suppose 3*i = 2*i + s. Suppose 3 = y, -29 = -5*l - 3*y + i. Calculate the remainder when l is divided by 6.
3
Let c = 231 + -161. Let u = -40 + c. What is the remainder when 58 is divided by u?
28
Let n(u) = -u**2 + 17*u + 9. What is the remainder when n(5) is divided by 5?
4
Let w(r) = r**3 - 16*r**2 + r - 9. What is the remainder when 33 is divided by w(16)?
5
Suppose 4*d - 3*y = 79, -3*d - 3*y + 134 = 80. Calculate the remainder when (2 + -12)*(-7)/2 is divided by d.
16
Let v(c) = 30*c**2 - 45*c + 40. Calculate the remainder when v(-12) is divided by 38.
36
Suppose 2*f = -1 - 3, -4*f + 22 = 3*i. Suppose -3*q + 0*h + 169 = 5*h, h = 3*q - 175. Calculate the remainder when q is divided by i.
8
Suppose 199 = 25*x - 401. Calculate the remainder when 789 is divided by x.
21
Suppose 0 = 32*c - 82*c + 1050. What is the remainder when 55 is divided by c?
13
Suppose 4*o - 5*o + 42 = 0. What is the remainder when o is divided by (-4)/(5 + 95/(-75) + -4)?
12
Let a(g) = g**3 - 5*g**2 - g. Let v be a(4). Let l = v - -28. Suppose 3*d - 7 = l. Calculate the remainder when 13 is divided by d.
3
Let o be 5 - 2 - (-6 + 2). Let z(r) = -r**3 + 9*r**2 - 12*r + 11. Calculate the remainder when 72 is divided by z(o).
22
Let j(i) = 5*i - 18. Let w = 2094 - 1768. What is the remainder when w is divided by j(13)?
44
Let y(q) = -174*q + 10360. Calculate the remainder when y(59) is divided by 13*-1*-2 + -1.
19
Let a be -3 + 19*(-5)/5. Let o = 68 + a. What is the remainder when 227 is divided by o?
43
Suppose 9*a - 3*a = 318. Let g = 29 - 1. What is the remainder when a is divided by g?
25
Let q = 43 + 235. What is the remainder when q is divided by 28?
26
Suppose 5*v + 3*x = -0*v + 20, 0 = 5*x. Suppose -v*r = -0*r - 68. Let p = 83 - 73. Calculate the remainder when r is divided by p.
7
Let t = 19 - 8. Suppose 3*s = 4 + t. Calculate the remainder when 19 is divided by s.
4
Let q be (-1)/(-5) - (-444)/5. Suppose 0 = 2*u - q + 3. What is the remainder when u is divided by 11?
10
Let v(y) = -y**3 - 3*y**2 + 6*y - 6. Let f(p) = 7*p + 5. Suppose a + 4*k = 13, a - k = -a + 8. Calculate the remainder when f(a) is divided by v(-5).
12
Let i be (-18)/(-21)*(-56)/(-12). Suppose 2*u - 4*k = 44, 20 = -2*u + i*u + 4*k. What is the remainder when 30 is divided by u?
14
Let t(u) = 8*u**3 - u**2 + 8*u - 7. Suppose 3*s - 2*n = -0*n + 10, -3*s + 4 = n. What is the remainder when t(s) is divided by 14?
13
Let k(h) = 3*h**2 - 43*h - 12. Let z(n) = n**2 - 14*n - 4. Let q(m) = -4*k(m) + 11*z(m). What is the remainder when 10 is divided by q(18)?
2
Let j be 10 - 0 - 3 - -1. Suppose 5*p = p + j. Suppose -72*h = -77*h + 30. Calculate the remainder when h is divided by p.
0
Suppose -98*h + 94*h + 578 = 2*z, -3*z = -h + 141. Calculate the remainder when h is divided by 19.
11
Suppose 0 = -5*k - 25, 2*l + 4*k = 5*l - 287. What is the remainder when l is divided by 45?
44
Let t(a) = 27*a + 144. What is the remainder when 182 is divided by t(1)?
11
Let f(j) = -j**3 + 18*j**2 + 18*j + 15. Let m be f(19). Let r(s) = s**3 + 9*s**2 + 13*s - 3. What is the remainder when r(m) is divided by 18?
7
Let f = -156 - -233. Calculate the remainder when f is divided by 12.
5
Suppose 2*b = 29 + 63. What is the remainder when b is divided by 43?
3
Suppose -10*a + 5 = -9*a. Suppose 2*x + a*h = -15, -x + h = -6*x + 20. Let n(o) = -8*o - 3. Calculate the remainder when n(-2) is divided by x.
3
Let o be 2 - (-204)/(-28) - (-14)/49. Let t(j) be the first derivative of -6*j**2 - 7*j - 1. What is the remainder when t(o) is divided by 11?
9
Let z = -9 - -19. Let x = z + -8. What is the remainder when 4 - x - 20/(-2) is divided by 5?
2
Let y(k) = 5*k - 2. Let h be y(3). Let c = h - 9. Suppose 25 - 1 = c*x. Calculate the remainder when 17 is divided by x.
5
Calculate the remainder when 1 + -7 + 62 + 7 is divided by 16.
15
Calculate the remainder when 246 - (1 - ((-3)/1 - 3)) is divided by 88.
63
What is the remainder when ((-31)/(-4))/((-11)/(-44)) is divided by 17?
14
Suppose -5*g + z = -718, 0 = 2*g - g - 3*z - 152. Let a = -114 + g. What is the remainder when 54 is divided by a?
25
Suppose -25*l - 188 = -1188. What is the remainder when 115 is divided by l?
35
Suppose 5*u - 566 = -3*l, -3*u = u + 4*l - 448. Calculate the remainder when u is divided by 11.
5
Let a = 18 + -11. Calculate the remainder when (2 - (3 + -25)) + (-16 - -11) is divided by a.
5
What is the remainder when 202 is divided by -6*(-6)/72*(1 - -101)?
49
Suppose h = -4*h + s + 17, -h = 5*s - 19. Let u = 9 - h. Suppose -4*o + 96 = u*c - 2, -5*c = -5*o + 145. Calculate the remainder when 80 is divided by o.
26
Suppose -2*j = 5*u - 1148, 0 = -4*u - 8*j + 7*j + 919. What is the remainder when u is divided by 9?
5
Let q(c) = c + 35. Let d = 73 + -63. Calculate the remainder when 175 is divided by q(d).
40
Calculate the remainder when 3/4*(-7 + (-300)/(-4)) is divided by 13.
12
What is the remainder when 939/15 + -1 - 18/(-45) is divided by 9?
8
Let p = -16 - -31. Suppose -3 - 5 = -y. What is the remainder when p is divided by y?
7
Let o(g) = g**3 - 44*g**2 - 43*g - 58. Calculate the remainder when 156 is divided by o(45).
28
Suppose h = -3*x + 29, -5*x + 5*h - 1 = -36. Suppose -p + x = -u, -3*u = -5*p - 2*u + 25. Calculate the remainder when p is divided by 2.
0
What is the remainder when (-1136)/(-24) - -4*(-3)/36 is divided by 24?
23
Let x = 355 - 334. What is the remainder when 145 is divided by x?
19
Suppose -2*s + 3*w = s - 15, -2*w + 2 = s. Calculate the rema